{"id":1821,"date":"2025-10-09T13:05:44","date_gmt":"2025-10-09T11:05:44","guid":{"rendered":"https:\/\/lesdeclenches.info\/?page_id=1821"},"modified":"2026-01-14T20:05:10","modified_gmt":"2026-01-14T19:05:10","slug":"agence-touriste-racc","status":"publish","type":"page","link":"https:\/\/lesdeclenches.info\/index.php\/les-associes\/agence-touriste-racc\/","title":{"rendered":"AGENCE TOURISTE"},"content":{"rendered":"\t\t<div data-elementor-type=\"wp-page\" data-elementor-id=\"1821\" class=\"elementor elementor-1821\">\n\t\t\t\t\t\t\t\t\t<section class=\"elementor-section elementor-top-section elementor-element elementor-element-c4bfda5 elementor-section-boxed elementor-section-height-default elementor-section-height-default\" data-id=\"c4bfda5\" data-element_type=\"section\">\n\t\t\t\t\t\t<div class=\"elementor-container elementor-column-gap-default\">\n\t\t\t\t\t<div class=\"elementor-column elementor-col-100 elementor-top-column elementor-element elementor-element-2129272\" data-id=\"2129272\" data-element_type=\"column\">\n\t\t\t<div class=\"elementor-widget-wrap elementor-element-populated\">\n\t\t\t\t\t\t\t\t<div class=\"elementor-element elementor-element-3ab66c7 elementor-widget elementor-widget-heading\" data-id=\"3ab66c7\" data-element_type=\"widget\" data-widget_type=\"heading.default\">\n\t\t\t\t<div class=\"elementor-widget-container\">\n\t\t\t<h2 class=\"elementor-heading-title elementor-size-default\">L'AGENCE TOURISTE<\/h2>\t\t<\/div>\n\t\t\t\t<\/div>\n\t\t\t\t\t<\/div>\n\t\t<\/div>\n\t\t\t\t\t\t\t<\/div>\n\t\t<\/section>\n\t\t\t\t<section class=\"elementor-section elementor-top-section elementor-element elementor-element-e2d60d3 elementor-section-boxed elementor-section-height-default elementor-section-height-default\" data-id=\"e2d60d3\" data-element_type=\"section\">\n\t\t\t\t\t\t<div class=\"elementor-container elementor-column-gap-default\">\n\t\t\t\t\t<div class=\"elementor-column elementor-col-100 elementor-top-column elementor-element elementor-element-2b9e3b9\" data-id=\"2b9e3b9\" data-element_type=\"column\">\n\t\t\t<div class=\"elementor-widget-wrap elementor-element-populated\">\n\t\t\t\t\t\t\t\t<div class=\"elementor-element elementor-element-8c5bf1e elementor-widget elementor-widget-heading\" data-id=\"8c5bf1e\" data-element_type=\"widget\" data-widget_type=\"heading.default\">\n\t\t\t\t<div class=\"elementor-widget-container\">\n\t\t\t<h4 class=\"elementor-heading-title elementor-size-default\">Entresort familiale <\/h4>\t\t<\/div>\n\t\t\t\t<\/div>\n\t\t\t\t\t<\/div>\n\t\t<\/div>\n\t\t\t\t\t\t\t<\/div>\n\t\t<\/section>\n\t\t\t\t<section class=\"elementor-section elementor-top-section elementor-element elementor-element-a10a70a elementor-section-boxed elementor-section-height-default elementor-section-height-default\" data-id=\"a10a70a\" data-element_type=\"section\">\n\t\t\t\t\t\t<div class=\"elementor-container elementor-column-gap-default\">\n\t\t\t\t\t<div class=\"elementor-column elementor-col-100 elementor-top-column elementor-element elementor-element-4db50a8\" data-id=\"4db50a8\" data-element_type=\"column\">\n\t\t\t<div class=\"elementor-widget-wrap elementor-element-populated\">\n\t\t\t\t\t\t\t\t<div class=\"elementor-element elementor-element-7ed565d elementor-widget elementor-widget-text-editor\" data-id=\"7ed565d\" data-element_type=\"widget\" data-widget_type=\"text-editor.default\">\n\t\t\t\t<div class=\"elementor-widget-container\">\n\t\t\t\t\t\t\t<p>Jean-Michel et Jean-Luc vous accueillent au Salon de l&rsquo;Innovation de Saint-Etienne 1984 dans leur stand r\u00e9volutionnaire de l&rsquo;AGENCE TOURISTE.<\/p><p>Non loin des stands Minitel France T\u00e9l\u00e9com, des presses jus \u00e9lectriques auto-reverses de chez Tefal,\u00a0 des WalkMan avec tourne disque int\u00e9gr\u00e9 de chez Somy, ils vous pr\u00e9senteront leur invention r\u00e9volutionnaire sur fond vert. Le brevet \u00e0 peine d\u00e9pos\u00e9 &#8211; forts de leurs parutions dans les magazines sp\u00e9cialis\u00e9s Les Inventions Inventives et Le Fugaro Business &#8211; ils vous invitent maintenant pour un tour du monde au fin des contr\u00e9es de vos r\u00eaves.<\/p><p>Voyagez vers le Cap Vert, Les Marquises, La Zone Artisanale de Sochaux, Le PMU chez Janine \u00e0 Saint-Etienne. Devenez parrain du T\u00e9l\u00e9thon ou de la SPA au c\u00f4t\u00e9s de Naguy et de Sylvie Vartan. Reprenez Sous le Vent en duo avec Garou ou C\u00e9line D.<\/p><p>Ces photographies une fois trait\u00e9es par notre Ordinateur de 4m3 &#8211; le IBN 46X3 &#8211; se transformeront en cartes postales derri\u00e8res lesquelles vous pourrez venir apposer quelques mots tendre pour faire jalouser vos proches d&rsquo;\u00eatre rest\u00e9s ferm\u00e9s chez eux.\u00a0<\/p><p>Venez voyager (du moins le faire croire), vivre vos r\u00eaves et changer de vie gr\u00e2ce \u00e0 la r\u00e9volution num\u00e9rique \u00e0 la Fran\u00e7aise.\u00a0<\/p><p>\u00a0<\/p><p><strong>Tout Public &#8211; 3 \u00e0 6 personnes &#8211; 12 passages\/h &#8211; Jour\/Nuit<\/strong><\/p>\t\t\t\t\t\t<\/div>\n\t\t\t\t<\/div>\n\t\t\t\t\t<\/div>\n\t\t<\/div>\n\t\t\t\t\t\t\t<\/div>\n\t\t<\/section>\n\t\t\t\t<section class=\"elementor-section elementor-top-section elementor-element elementor-element-1ccf5af elementor-section-boxed elementor-section-height-default elementor-section-height-default\" data-id=\"1ccf5af\" data-element_type=\"section\">\n\t\t\t\t\t\t<div class=\"elementor-container elementor-column-gap-default\">\n\t\t\t\t\t<div class=\"elementor-column elementor-col-33 elementor-top-column elementor-element elementor-element-dfd27aa\" data-id=\"dfd27aa\" data-element_type=\"column\">\n\t\t\t<div class=\"elementor-widget-wrap elementor-element-populated\">\n\t\t\t\t\t\t\t\t<div class=\"elementor-element elementor-element-02ee149 elementor-widget elementor-widget-image\" data-id=\"02ee149\" data-element_type=\"widget\" data-widget_type=\"image.default\">\n\t\t\t\t<div class=\"elementor-widget-container\">\n\t\t\t\t\t\t\t\t\t\t\t\t\t\t\t<img decoding=\"async\" loading=\"lazy\" width=\"640\" height=\"454\" src=\"https:\/\/lesdeclenches.info\/wp-content\/uploads\/2020\/12\/1-1-1024x726.jpg\" class=\"attachment-large size-large wp-image-636\" alt=\"\" srcset=\"https:\/\/lesdeclenches.info\/wp-content\/uploads\/2020\/12\/1-1-1024x726.jpg 1024w, https:\/\/lesdeclenches.info\/wp-content\/uploads\/2020\/12\/1-1-300x213.jpg 300w, https:\/\/lesdeclenches.info\/wp-content\/uploads\/2020\/12\/1-1-768x545.jpg 768w, https:\/\/lesdeclenches.info\/wp-content\/uploads\/2020\/12\/1-1-1536x1090.jpg 1536w, https:\/\/lesdeclenches.info\/wp-content\/uploads\/2020\/12\/1-1.jpg 1748w\" sizes=\"(max-width: 640px) 100vw, 640px\" \/>\t\t\t\t\t\t\t\t\t\t\t\t\t\t\t<\/div>\n\t\t\t\t<\/div>\n\t\t\t\t\t<\/div>\n\t\t<\/div>\n\t\t\t\t<div class=\"elementor-column elementor-col-33 elementor-top-column elementor-element elementor-element-ef1ee41\" data-id=\"ef1ee41\" data-element_type=\"column\">\n\t\t\t<div class=\"elementor-widget-wrap elementor-element-populated\">\n\t\t\t\t\t\t\t\t<div class=\"elementor-element elementor-element-879657c elementor-widget elementor-widget-image\" data-id=\"879657c\" data-element_type=\"widget\" data-widget_type=\"image.default\">\n\t\t\t\t<div class=\"elementor-widget-container\">\n\t\t\t\t\t\t\t\t\t\t\t\t\t\t\t<img decoding=\"async\" loading=\"lazy\" width=\"640\" height=\"454\" src=\"https:\/\/lesdeclenches.info\/wp-content\/uploads\/2020\/12\/2-1024x726.jpg\" class=\"attachment-large size-large wp-image-635\" alt=\"\" srcset=\"https:\/\/lesdeclenches.info\/wp-content\/uploads\/2020\/12\/2-1024x726.jpg 1024w, https:\/\/lesdeclenches.info\/wp-content\/uploads\/2020\/12\/2-300x213.jpg 300w, https:\/\/lesdeclenches.info\/wp-content\/uploads\/2020\/12\/2-768x545.jpg 768w, https:\/\/lesdeclenches.info\/wp-content\/uploads\/2020\/12\/2-1536x1090.jpg 1536w, https:\/\/lesdeclenches.info\/wp-content\/uploads\/2020\/12\/2.jpg 1748w\" sizes=\"(max-width: 640px) 100vw, 640px\" \/>\t\t\t\t\t\t\t\t\t\t\t\t\t\t\t<\/div>\n\t\t\t\t<\/div>\n\t\t\t\t\t<\/div>\n\t\t<\/div>\n\t\t\t\t<div class=\"elementor-column elementor-col-33 elementor-top-column elementor-element elementor-element-6e742cb\" data-id=\"6e742cb\" data-element_type=\"column\">\n\t\t\t<div class=\"elementor-widget-wrap elementor-element-populated\">\n\t\t\t\t\t\t\t\t<div class=\"elementor-element elementor-element-cca0d67 elementor-widget elementor-widget-image\" data-id=\"cca0d67\" data-element_type=\"widget\" data-widget_type=\"image.default\">\n\t\t\t\t<div class=\"elementor-widget-container\">\n\t\t\t\t\t\t\t\t\t\t\t\t\t\t\t<img decoding=\"async\" loading=\"lazy\" width=\"640\" height=\"454\" src=\"https:\/\/lesdeclenches.info\/wp-content\/uploads\/2020\/12\/9-1024x726.jpg\" class=\"attachment-large size-large wp-image-632\" alt=\"\" srcset=\"https:\/\/lesdeclenches.info\/wp-content\/uploads\/2020\/12\/9-1024x726.jpg 1024w, https:\/\/lesdeclenches.info\/wp-content\/uploads\/2020\/12\/9-300x213.jpg 300w, https:\/\/lesdeclenches.info\/wp-content\/uploads\/2020\/12\/9-768x545.jpg 768w, https:\/\/lesdeclenches.info\/wp-content\/uploads\/2020\/12\/9-1536x1090.jpg 1536w, https:\/\/lesdeclenches.info\/wp-content\/uploads\/2020\/12\/9.jpg 1748w\" sizes=\"(max-width: 640px) 100vw, 640px\" \/>\t\t\t\t\t\t\t\t\t\t\t\t\t\t\t<\/div>\n\t\t\t\t<\/div>\n\t\t\t\t\t<\/div>\n\t\t<\/div>\n\t\t\t\t\t\t\t<\/div>\n\t\t<\/section>\n\t\t\t\t<section class=\"elementor-section elementor-top-section elementor-element elementor-element-845e9ff elementor-section-boxed elementor-section-height-default elementor-section-height-default\" data-id=\"845e9ff\" data-element_type=\"section\">\n\t\t\t\t\t\t<div class=\"elementor-container elementor-column-gap-default\">\n\t\t\t\t\t<div class=\"elementor-column elementor-col-33 elementor-top-column elementor-element elementor-element-8cb9845\" data-id=\"8cb9845\" data-element_type=\"column\">\n\t\t\t<div class=\"elementor-widget-wrap elementor-element-populated\">\n\t\t\t\t\t\t\t\t<div class=\"elementor-element elementor-element-7887792 e-transform elementor-widget elementor-widget-image\" data-id=\"7887792\" data-element_type=\"widget\" data-settings=\"{&quot;_transform_scale_effect&quot;:{&quot;unit&quot;:&quot;px&quot;,&quot;size&quot;:1,&quot;sizes&quot;:[]},&quot;_transform_scale_effect_tablet&quot;:{&quot;unit&quot;:&quot;px&quot;,&quot;size&quot;:&quot;&quot;,&quot;sizes&quot;:[]},&quot;_transform_scale_effect_mobile&quot;:{&quot;unit&quot;:&quot;px&quot;,&quot;size&quot;:&quot;&quot;,&quot;sizes&quot;:[]}}\" data-widget_type=\"image.default\">\n\t\t\t\t<div class=\"elementor-widget-container\">\n\t\t\t\t\t\t\t\t\t\t\t\t\t\t\t<img decoding=\"async\" loading=\"lazy\" width=\"640\" height=\"480\" src=\"https:\/\/lesdeclenches.info\/wp-content\/uploads\/2025\/10\/IMG-20250830-WA0020-1024x768.jpg\" class=\"attachment-large size-large wp-image-1957\" alt=\"\" srcset=\"https:\/\/lesdeclenches.info\/wp-content\/uploads\/2025\/10\/IMG-20250830-WA0020-1024x768.jpg 1024w, https:\/\/lesdeclenches.info\/wp-content\/uploads\/2025\/10\/IMG-20250830-WA0020-300x225.jpg 300w, https:\/\/lesdeclenches.info\/wp-content\/uploads\/2025\/10\/IMG-20250830-WA0020-768x576.jpg 768w, https:\/\/lesdeclenches.info\/wp-content\/uploads\/2025\/10\/IMG-20250830-WA0020-1536x1152.jpg 1536w\" sizes=\"(max-width: 640px) 100vw, 640px\" \/>\t\t\t\t\t\t\t\t\t\t\t\t\t\t\t<\/div>\n\t\t\t\t<\/div>\n\t\t\t\t\t<\/div>\n\t\t<\/div>\n\t\t\t\t<div class=\"elementor-column elementor-col-33 elementor-top-column elementor-element elementor-element-99d1f80\" data-id=\"99d1f80\" data-element_type=\"column\">\n\t\t\t<div class=\"elementor-widget-wrap elementor-element-populated\">\n\t\t\t\t\t\t\t\t<div class=\"elementor-element elementor-element-ceeee80 elementor-widget elementor-widget-image\" data-id=\"ceeee80\" data-element_type=\"widget\" data-widget_type=\"image.default\">\n\t\t\t\t<div class=\"elementor-widget-container\">\n\t\t\t\t\t\t\t\t\t\t\t\t\t\t\t<img decoding=\"async\" loading=\"lazy\" width=\"640\" height=\"853\" src=\"https:\/\/lesdeclenches.info\/wp-content\/uploads\/2025\/10\/IMG-20250830-WA0056-768x1024.jpg\" class=\"attachment-large size-large wp-image-1960\" alt=\"\" srcset=\"https:\/\/lesdeclenches.info\/wp-content\/uploads\/2025\/10\/IMG-20250830-WA0056-768x1024.jpg 768w, https:\/\/lesdeclenches.info\/wp-content\/uploads\/2025\/10\/IMG-20250830-WA0056-225x300.jpg 225w, https:\/\/lesdeclenches.info\/wp-content\/uploads\/2025\/10\/IMG-20250830-WA0056-1152x1536.jpg 1152w, https:\/\/lesdeclenches.info\/wp-content\/uploads\/2025\/10\/IMG-20250830-WA0056-1536x2048.jpg 1536w, https:\/\/lesdeclenches.info\/wp-content\/uploads\/2025\/10\/IMG-20250830-WA0056-scaled.jpg 1920w\" sizes=\"(max-width: 640px) 100vw, 640px\" \/>\t\t\t\t\t\t\t\t\t\t\t\t\t\t\t<\/div>\n\t\t\t\t<\/div>\n\t\t\t\t\t<\/div>\n\t\t<\/div>\n\t\t\t\t<div class=\"elementor-column elementor-col-33 elementor-top-column elementor-element elementor-element-835dfd6\" data-id=\"835dfd6\" data-element_type=\"column\">\n\t\t\t<div class=\"elementor-widget-wrap elementor-element-populated\">\n\t\t\t\t\t\t\t\t<div class=\"elementor-element elementor-element-ec80357 elementor-widget elementor-widget-image\" data-id=\"ec80357\" data-element_type=\"widget\" data-widget_type=\"image.default\">\n\t\t\t\t<div class=\"elementor-widget-container\">\n\t\t\t\t\t\t\t\t\t\t\t\t\t\t\t<img decoding=\"async\" loading=\"lazy\" width=\"640\" height=\"480\" src=\"https:\/\/lesdeclenches.info\/wp-content\/uploads\/2025\/10\/IMG-20250830-WA0010-2-1024x768.jpg\" class=\"attachment-large size-large wp-image-1954\" alt=\"\" srcset=\"https:\/\/lesdeclenches.info\/wp-content\/uploads\/2025\/10\/IMG-20250830-WA0010-2-1024x768.jpg 1024w, https:\/\/lesdeclenches.info\/wp-content\/uploads\/2025\/10\/IMG-20250830-WA0010-2-300x225.jpg 300w, https:\/\/lesdeclenches.info\/wp-content\/uploads\/2025\/10\/IMG-20250830-WA0010-2-768x576.jpg 768w, https:\/\/lesdeclenches.info\/wp-content\/uploads\/2025\/10\/IMG-20250830-WA0010-2-1536x1152.jpg 1536w\" sizes=\"(max-width: 640px) 100vw, 640px\" \/>\t\t\t\t\t\t\t\t\t\t\t\t\t\t\t<\/div>\n\t\t\t\t<\/div>\n\t\t\t\t\t<\/div>\n\t\t<\/div>\n\t\t\t\t\t\t\t<\/div>\n\t\t<\/section>\n\t\t\t\t<section class=\"elementor-section elementor-top-section elementor-element elementor-element-8ede427 elementor-section-boxed elementor-section-height-default elementor-section-height-default\" data-id=\"8ede427\" data-element_type=\"section\">\n\t\t\t\t\t\t<div class=\"elementor-container elementor-column-gap-default\">\n\t\t\t\t\t<div class=\"elementor-column elementor-col-100 elementor-top-column elementor-element elementor-element-4b48acd\" data-id=\"4b48acd\" data-element_type=\"column\">\n\t\t\t<div class=\"elementor-widget-wrap elementor-element-populated\">\n\t\t\t\t\t\t\t\t<div class=\"elementor-element elementor-element-cdf796b elementor-widget elementor-widget-video\" data-id=\"cdf796b\" data-element_type=\"widget\" data-settings=\"{&quot;youtube_url&quot;:&quot;https:\\\/\\\/www.youtube.com\\\/watch?v=ZgXdZNPM4rc&quot;,&quot;video_type&quot;:&quot;youtube&quot;,&quot;controls&quot;:&quot;yes&quot;}\" data-widget_type=\"video.default\">\n\t\t\t\t<div class=\"elementor-widget-container\">\n\t\t\t\t\t<div class=\"elementor-wrapper elementor-open-inline\">\n\t\t\t<div class=\"elementor-video\"><\/div>\t\t<\/div>\n\t\t\t\t<\/div>\n\t\t\t\t<\/div>\n\t\t\t\t\t<\/div>\n\t\t<\/div>\n\t\t\t\t\t\t\t<\/div>\n\t\t<\/section>\n\t\t\t\t\t\t\t<\/div>\n\t\t","protected":false},"excerpt":{"rendered":"<p>L&rsquo;AGENCE TOURISTE Entresort familiale Jean-Michel et Jean-Luc vous accueillent au Salon de l&rsquo;Innovation de Saint-Etienne 1984 dans leur stand r\u00e9volutionnaire de l&rsquo;AGENCE TOURISTE. Non loin des stands Minitel France T\u00e9l\u00e9com, des presses jus \u00e9lectriques auto-reverses de chez Tefal,\u00a0 des WalkMan avec tourne disque int\u00e9gr\u00e9 de chez Somy, ils vous pr\u00e9senteront leur invention r\u00e9volutionnaire sur fond [&hellip;]<\/p>\n","protected":false},"author":3,"featured_media":0,"parent":889,"menu_order":2,"comment_status":"closed","ping_status":"closed","template":"","meta":{"footnotes":""},"_links":{"self":[{"href":"https:\/\/lesdeclenches.info\/index.php\/wp-json\/wp\/v2\/pages\/1821"}],"collection":[{"href":"https:\/\/lesdeclenches.info\/index.php\/wp-json\/wp\/v2\/pages"}],"about":[{"href":"https:\/\/lesdeclenches.info\/index.php\/wp-json\/wp\/v2\/types\/page"}],"author":[{"embeddable":true,"href":"https:\/\/lesdeclenches.info\/index.php\/wp-json\/wp\/v2\/users\/3"}],"replies":[{"embeddable":true,"href":"https:\/\/lesdeclenches.info\/index.php\/wp-json\/wp\/v2\/comments?post=1821"}],"version-history":[{"count":8,"href":"https:\/\/lesdeclenches.info\/index.php\/wp-json\/wp\/v2\/pages\/1821\/revisions"}],"predecessor-version":[{"id":2062,"href":"https:\/\/lesdeclenches.info\/index.php\/wp-json\/wp\/v2\/pages\/1821\/revisions\/2062"}],"up":[{"embeddable":true,"href":"https:\/\/lesdeclenches.info\/index.php\/wp-json\/wp\/v2\/pages\/889"}],"wp:attachment":[{"href":"https:\/\/lesdeclenches.info\/index.php\/wp-json\/wp\/v2\/media?parent=1821"}],"curies":[{"name":"wp","href":"https:\/\/api.w.org\/{rel}","templated":true}]}}